s 4988415 (base 10) in base 9?
10342733
Convert -10132323133 (base 4) to base 16.
-11eedf
Convert -22440041 (base 5) to base 14.
-53b3b
-8ca9 (base 13) to base 6
-231223
Convert -101011010101001011 (base 2) to base 3.
-100000110110
-1052333552 (base 6) to base 16
-b0fbac
Convert -121022313303 (base 4) to base 6.
-353230523
33430 (base 12) to base 2
10000100110100100
-b22394 (base 12) to base 15
-39e734
-bc9cc0 (base 15) to base 8
-42236130
27127a (base 11) to base 12
186809
23432 (base 6) to base 5
102104
What is -6932a3 (base 13) in base 12?
-a02079
Convert 203312113 (base 5) to base 7.
10061224
-35635523 (base 8) to base 10
-7813971
4141b51 (base 12) to base 3
212002211201221
334515 (base 7) to base 15
12853
-75791 (base 11) to base 7
-635650
Convert -30364266 (base 7) to base 4.
-21223120032
What is -1230520432 (base 6) in base 14?
-1c8a0cc
Convert 17cb83 (base 13) to base 14.
1186d0
34437 (base 15) to base 3
22110011021
Convert -100821 (base 11) to base 7.
-1243266
-222c764 (base 13) to base 2
-100111111110110100111011
Convert 1601a0 (base 12) to base 3.
200222100210
Convert 30233321333 (base 4) to base 6.
155343555
Convert 1324344 (base 6) to base 5.
4323301
What is -9ad7c (base 15) in base 12?
-1b8b69
1055433 (base 6) to base 10
54381
What is -336544 (base 7) in base 9?
-101221
-7276067 (base 8) to base 12
-792307
Convert -52f5f (base 16) to base 8.
-1227537
5244432 (base 6) to base 2
111110010001000100
Convert -30405554 (base 7) to base 13.
-6ac097
Convert 1214044214 (base 5) to base 15.
3bcb59
Convert -3c7a (base 13) to base 7.
-34265
What is -152421 (base 6) in base 12?
-8711
Convert 291637 (base 11) to base 5.
104042333
What is 2022121112022 (base 3) in base 11?
771a10
Convert -11122123223 (base 4) to base 3.
-2200002111002
-41234 (base 15) to base 14
-552d0
What is 1216301 (base 8) in base 4?
1101303001
Convert -10142626 (base 7) to base 5.
-204212304
What is -111111001001010 (base 2) in base 15?
-98a5
8cc5b1 (base 13) to base 12
1151151
What is 102210111022 (base 3) in base 12?
b2445
What is -1100204233 (base 5) in base 15?
-3166e8
What is 361322 (base 11) in base 9?
1062552
Convert -1284121 (base 9) to base 4.
-2230020103
-4014384 (base 9) to base 8
-10113010
Convert -74496 (base 14) to base 4.
-1010203210
Convert 143004 (base 13) to base 11.
306823
What is -102132222 (base 4) in base 9?
-124740
What is -1715135 (base 9) in base 6?
-32245435
-64610a (base 11) to base 3
-1221110222210
1221031211 (base 4) to base 12
189485
What is -11366 (base 12) in base 9?
-34456
What is -c0127 (base 13) in base 9?
-572367
-22013402 (base 5) to base 14
-4ca38
What is 200011025 (base 6) in base 3?
20022202002122
Convert -b1d68 (base 15) to base 5.
-121011043
a19642 (base 13) to base 10
3762332
-535788 (base 13) to base 7
-22420020
What is 12011221222200 (base 3) in base 7?
32262504
What is -59131 (base 15) in base 3?
-112102021001
-102123013303 (base 4) to base 9
-10071064
-2881062 (base 9) to base 8
-6036503
-2311220123 (base 4) to base 8
-2655033
Convert 220112333 (base 4) to base 14.
4435d
202012111120121 (base 3) to base 2
101000111101010111101101
What is -1246213 (base 8) in base 9?
-578331
Convert 200101012111 (base 3) to base 13.
c8857
Convert 42454110 (base 6) to base 10.
1251546
510605 (base 7) to base 9
141872
373405 (base 8) to base 11
88827
What is -23376241 (base 8) in base 13?
-109c438
What is 222102112 (base 3) in base 7?
110111
-220392 (base 15) to base 2
-110001011101101001100
Convert 170252 (base 9) to base 16.
19ae1
Convert 20022200020012 (base 3) to base 4.
30310022213
Convert -42515513 (base 7) to base 8.
-15632124
-15c9c00 (base 14) to base 6
-1021252012
What is 332103210 (base 4) in base 16?
3e4e4
-10001110221 (base 3) to base 11
-411a1
Convert -28017278 (base 9) to base 16.
-d304f3
Convert -1982b (base 12) to base 13.
-14099
What is b778c (base 14) in base 7?
3524235
What is -201222102200 (base 3) in base 2?
-1100000000000011110
-837682 (base 9) to base 6
-14400202
What is 1124214 (base 6) in base 14?
171aa
What is -2d9112 (base 15) in base 3?
-11011011002222
What is -133697 (base 10) in base 15?
-29932
What is b4902b (base 12) in base 9?
5301738
Convert -167011 (base 15) to base 11.
-68255a
What is -11066413 (base 9) in base 16?
-51c396
30233231201 (base 4) to base 7
40253654
-511024 (base 6) to base 7
-225544
What is 376131 (base 9) in base 7?
1635301
What is -313053135 (base 6) in base 4?
-110312131103
What is 20b68b (base 12) in base 15?
a3598
-472050 (base 8) to base 13
-5826b
What is d4c49 (base 16) in base 6?
30402413
-112404002 (base 6) to base 8
-7747742
What is -26105351 (base 7) in base 12?
-964605
What is 244003113 (base 6) in base 12?
1690499
What is -54303100 (base 7) in base 15?
-619b5a
120434222 (base 5) to base 13
168944
Convert 11002023222 (base 4) to base 7.
14134254
What is 12323023 (base 5) in base 3?
20010010211
Convert 111110110011011101 (base 2) to base 5.
31212440
Convert 101011110111011101 (base 2) to base 5.
21222202
-1521164 (base 7) to base 4
-302201030
What is -11001101100101001011 (base 2) in base 3?
-1120210002101
Convert -1bc653 (base 13) to base 4.
-2232003032
-1a743 (base 11) to base 12
-14839
-1c3c09 (base 13) to base 14
-14b501
Convert 6c846 (base 15) to base 14.
901c8
Convert -324210403 (base 5) to base 8.
-5251543
What is 4083718 (base 9) in base 10?
2181023
Convert 838751 (base 9) to base 16.
79b58
Convert 4624 (base 14) to base 7.
50344
What is -1a275 (base 12) in base 2?
-1001010111111001
11010001221110 (base 3) to base 5
1024424404
What is -5a10 (base 15) in base 12?
-b0b0
Convert -1538a63 (base 11) to base 13.
-7123ba
Convert 25653 (base 11) to base 5.
2133341
Convert -1111111010100001001 (base 2) to base 12.
-211949
Convert 1b093 (base 12) to base 2.
1001101110101111
What is 3683c (base 13) in base 5?
11202033
Convert -1102101002112 (base 3) to base 14.
-15938c
Convert 4112253 (base 7) to base 3.
220221000100
What is 4101332 (base 5) in base 2?
10000000100110010
What is 101212120111 (base 3) in base 4?
310033333
What is -2001202322 (base 4) in base 9?
-887775
Convert -100000011100011 (base 2) to base 6.
-204523
Convert 3221221144 (base 5) to base 12.
234aa3a
What is 228db (base 15) in base 11?
75716
-3412044 (base 6) to base 8
-521434
What is -220212111202222 (base 3) in base 2?
-110010011010111000111000
-121112000021022 (base 3) to base 8
-41372077
What is -2301404 (base 6) in base 16?
-1c90c
Convert -4422223 (base 5) to base 15.
-17a43
What is 1969970 (base 12) in base 3?
101002122220010
-213320 (base 9) to base 5
-13031412
Convert -32658 (base 13) to base 8.
-262034
Convert -90bbc (base 14) to base 16.
-54fa2
Convert -85797 (base 11) to base 9.
-210085
Convert 101322113 (base 4) to base 8.
217227
What is -351536 (base 7) in base 2?
-1111011001000001
425361 (base 10) to base 3
210121111010
What is 1015431 (base 7) in base 13?
436a4
What is -617ff (base 16) in base 15?
-7d4de
-44551236 (base 7) to base 6
-214432140
What is 187b6cc (base 15) in base 5?
14032434132
Convert -16487 (base 14) to base 2.
-1101100111100111
1001101101110110000110 (base 2) to base 15
354a53
-218581 (base 9) to base 3
-20122122201
Convert 15354251 (base 6) to base 16.
84cf7
What is 43046 (base 10) in base 11?
2a383
What is -55b4da (base 15) in base 10?
-4088230
204478 (base 10) to base 14
54738
-1649648 (base 11) to base 8
-12556544
Convert -a06a0 (base 13) to base 16.
-46022
Convert 4333343 (base 5) to base 8.
220757
Convert -20417032 (base 8) to base 16.
-421e1a
76855 (base 9) to base 2
1100011100110111
-2f984 (base 16) to base 9
-326368
-141214400 (base 5) to base 12
-2b0329
1000100000011100111 (base 2) to base 12
11539b
What is -8e8968 (base 15) in base 10?
-6812873
Convert 1212110020011 (base 3) to base 9.
1773204
12431513 (base 6) to base 7
3321246
What is 21211123 (base 4) in base 3?
1222212001
20004165 (base 7) to base 11
a26646
Convert -3710087 (base 10) to base 7.
-43351403
What is 101001100111100011 (base 2) in base 13?
5c78b
102011001111 (base 3) to base 9
364044
10221321023 (base 4) to base 10
1220171
Convert 1260078 (base 12) to base 6.
205200232
-56505225 (base 7) to base 3
-100020102112110
What is 5183288 (base 9) in base 11?
1623027
What is 15100726 (base 9) in base 13?
172787a
Conver